= -196 + 106. Calculate the remainder when 13 is divided by j.
1
Let q(t) = -56*t**3 - 17*t**2 - 4*t - 6. Let o(a) = -37*a**3 - 11*a**2 - 3*a - 4. Let s(n) = 8*o(n) - 5*q(n). What is the remainder when s(-2) is divided by 25?
22
Calculate the remainder when 39 is divided by (-16)/52 + (-95)/(-13).
4
Suppose -36 = -5*x - j, 0 = 2*x + 5*j - 0 + 4. Let p = 149 + -127. Calculate the remainder when p is divided by x.
6
Let d(j) = 6*j - 4. Let w be ((-7)/(14/(-4)))/1. Calculate the remainder when 21 + (1 - -3) + -3 is divided by d(w).
6
Let b = 1620 + -810. Suppose 0 = -5*z - 5*o + b, 0*z + 4*z - 640 = -2*o. What is the remainder when z is divided by 16?
14
Let n = -1934 - -1943. Calculate the remainder when n is divided by 4.
1
Let n(f) = -f**3 - 15*f**2 - 5*f - 63. Let t = -15 + 96. Calculate the remainder when t is divided by n(-15).
9
What is the remainder when 107 is divided by 7 + 13 - (-1 - 1)?
19
Let b(s) = -s**3 - 10*s**2 - 17*s - 9. Let u be b(-8). What is the remainder when (2/4)/(u/(-60)) is divided by 8?
6
Let h(y) = -2*y**2 - 17*y - 7. Let r be h(-8). Calculate the remainder when (2/5)/((3/r)/45) is divided by 3.
0
Suppose -40 = -8*x + 4*x. Calculate the remainder when 58 is divided by x.
8
Suppose 3*c = 18 + 48. Let q = 36 - c. What is the remainder when 47 is divided by q?
5
Let s = -44 - -48. Suppose -r - 20 = -s*u + 3*r, 5*u = r + 21. Calculate the remainder when 6 is divided by u.
2
Let k = -1 + 210. Suppose 2*r + r - 5*n - k = 0, 2*r + 3*n - 114 = 0. Suppose -3*d + 44 = -4. Calculate the remainder when r is divided by d.
15
Let s(n) = 28*n**2 + 4*n + 6. What is the remainder when s(3) is divided by 17?
15
Suppose -5*d - 62*d = -1005. What is the remainder when 326 is divided by d?
11
Let m(x) = 2*x**2 - 29*x + 114. What is the remainder when m(5) is divided by 4?
3
Suppose -9*c = -4*c - 170. Let v(k) = 3*k**2 + 60*k + 5. Calculate the remainder when c is divided by v(-20).
4
Let h(w) = -2*w**3 - 10*w**2 - 12*w. What is the remainder when 351 is divided by h(-4)?
15
Let v be 16/(-20) + (-84)/(-5). Suppose 2*o + 4 = v. Calculate the remainder when o is divided by 2.
0
Let j = -6 - -12. Suppose -2*k - 5*u = -32, -5*k + j*u = u - 10. Let z(r) = 2*r**2 + 201*r - 505. What is the remainder when z(-103) is divided by k?
4
Let p(q) = 2*q**2 + 41*q + 256. What is the remainder when p(-7) is divided by 23?
21
What is the remainder when 93 is divided by 6/(-4) + 202/4 - 4?
3
Let u = -27 + 31. Suppose -u = -3*c + 2. What is the remainder when 5 is divided by c?
1
Let q be 2*(7 + (-8 - -4)). Suppose 56 = -q*g + 194. What is the remainder when 67 is divided by g?
21
Let k = 118 - 40. Let r = k - 46. Let d(i) = -3*i + 2. What is the remainder when r is divided by d(-3)?
10
Let a(u) = -u + 3. Calculate the remainder when 21 - (-17 - -11)*(-2)/12 is divided by a(-4).
6
Let y(i) = i**3 - 18*i**2 + 19*i - 6. Let g be y(17). Suppose -c + 5*c = g. Suppose -6 = -r - 4. What is the remainder when c is divided by r?
1
Suppose -g + 2*g + 5*o - 17 = 0, -4*g + 4*o + 20 = 0. What is the remainder when 36 is divided by g?
1
Suppose 3*w = 4*w - 5*n - 33, 6*w - 338 = -5*n. Suppose -4*g + 21 = -3*c, g + 0*c - 19 = -2*c. Calculate the remainder when w is divided by g.
8
Let w = -544 + 554. What is the remainder when 68 is divided by w?
8
Suppose -5*u + 2*b = -3*b - 25, -15 = 5*b. Let f(g) = 4*g + 1. What is the remainder when 17 - (-4 - (-3 + -1)) is divided by f(u)?
8
Suppose 0 = r + 70*z - 69*z - 16, -120 = -5*r + 5*z. Suppose 0 = h + 5*j - 12, -4*h + 6*h - 18 = -4*j. Calculate the remainder when r is divided by h.
6
Suppose -3*l = -t + 117, -2*t - 60 = -l - 274. Calculate the remainder when t is divided by 61.
44
What is the remainder when 1/((-2)/(-204)) + (-9)/9 is divided by 34?
33
Let k(h) = 5*h**2 - 6*h - 5. Let w(y) = -10*y**2 + 13*y + 11. Let s(b) = 7*k(b) + 3*w(b). Calculate the remainder when s(3) is divided by ((-12)/14)/(5/(-105)).
16
Let g = 1111 + -1038. Calculate the remainder when 234 is divided by g.
15
Let z be 2/(-4)*2*-20. Suppose j = 23 - 1. Suppose 0 = s - 2*n - j, n - 9 - z = -2*s. What is the remainder when 45 is divided by s?
13
Suppose 0 = 31*t - 28*t - 45. Suppose -4*a + 96 = 2*m, 2*m = -m - a + 159. What is the remainder when m is divided by t?
9
Suppose -904 + 2490 = 13*x. What is the remainder when x is divided by 9?
5
Let b = -318 + 326. Calculate the remainder when 21 is divided by b.
5
Let q(x) = -x**2 - 19*x - 75. Let w(i) = 6*i + 1. What is the remainder when w(4) is divided by q(-11)?
12
Let r(h) = -h**2 - 17*h + 8. What is the remainder when r(-9) is divided by 4?
0
Suppose -43*s + 1795 = -38*s. Calculate the remainder when s is divided by 30.
29
Let n = -107 - -109. Suppose n*o - g = 71, -4*g + 134 = o + 2*o. Calculate the remainder when 149 is divided by o.
35
Suppose 10*x - 320 = 820. What is the remainder when x is divided by 9?
6
Let r = -892 + 932. What is the remainder when 63 is divided by r?
23
Suppose -4*b = -2*s - 2106, -4*s - 388 + 1940 = 3*b. What is the remainder when b is divided by 33?
29
Suppose -2 = -0*u + 2*u, 56 = 3*i - 5*u. Suppose -7*w = -4 - 17. Let t = 8 - w. Calculate the remainder when i is divided by t.
2
Suppose 0 = 7*s - 11*s - 2*x + 368, 3*s - 277 = -x. Let f(r) = -5*r - 6. What is the remainder when s is divided by f(-6)?
21
Calculate the remainder when (2/(-1))/(28896/(-2888) + 10) is divided by 92.
85
Let i(j) = -8*j + 3. Suppose -3*h + h = -18. What is the remainder when i(-5) is divided by h?
7
Let w = -338 - -530. Suppose -w = -5*f + 38. What is the remainder when f is divided by 13?
7
Let k be (-6)/((-4)/((-16)/4)). Let c be k/(-3) + 0 - 6. What is the remainder when 33 - (c/(-4))/(-1) is divided by 18?
16
Suppose 0 = 5*i - 0*i - 80. Let x(j) = -j + 8. Let c(t) = -t + 4. Let k(z) = 11*c(z) - 6*x(z). What is the remainder when k(-7) is divided by i?
15
Let o = 3296 + -3285. Let p(m) = -m**3 - 5*m**2 - 5*m + 7. Calculate the remainder when p(-5) is divided by o.
10
Suppose -5*h + 20 - 1 = -o, -4*o - 16 = 0. Suppose 0*r - h*g + 189 = 3*r, g = -3*r + 187. What is the remainder when r is divided by 16?
14
Let v(i) = 3*i + 9. Let j = -9 + 16. Let g(p) = -p + 21. What is the remainder when v(10) is divided by g(j)?
11
Suppose 0 = -11*y + 7*y - 4*u + 560, 4*u + 8 = 0. Calculate the remainder when y is divided by 18.
16
Calculate the remainder when 114 is divided by (-4)/10 + (-1005)/(-75).
10
Suppose -4*l - 2*n + 330 = 0, -2*n - 11 = -l + 74. Calculate the remainder when l is divided by ((-10)/15)/(4/(-126)).
20
Suppose -f = 2*f - 66. Suppose 6*r + 49 = -59. Let h = 24 + r. What is the remainder when f is divided by h?
4
Suppose -5*v + 0*v + 185 = 0. Suppose -15*m - 444 + 2064 = 0. What is the remainder when m is divided by v?
34
Suppose 4*h = 3*n + h, 2*n + 3*h = 0. Suppose n = 4*r - 9*r. Suppose 10 = 2*g - r*g. What is the remainder when 7 is divided by g?
2
Let r be -15*1/(-6)*6. Suppose 3*k - 5*p - r = 2*k, 5*p = 3*k - 45. What is the remainder when 43 is divided by k?
13
Suppose -5*y + 4*p = 3*p - 63, -p = -2*y + 27. Suppose 0 = -2*v - 0 + y. Let m = -950 + 961. What is the remainder when m is divided by v?
5
Let p(b) = -b**3 - 9*b**2 + 18*b + 74. Let u be 2 + (-3)/((-3)/(-2)). Suppose u*m - 30 = -m. What is the remainder when p(-11) is divided by m?
28
Suppose 5*j - 2*n = -0*j + 946, -5*n = 2*j - 361. Suppose 3*x + 2*w = -2*x + 235, 0 = 4*x - 3*w - j. Calculate the remainder when 138 is divided by x.
44
Suppose 0 = -2*z - 3*f + 35 + 41, -56 = -2*z + 2*f. Suppose -3*n - 10 = z. What is the remainder when (-178)/n - (-10)/35 is divided by 5?
3
Suppose 4*o = -63 - 25. Let i = 25 + o. Suppose -2 = -2*j + 2. Calculate the remainder when i is divided by j.
1
Suppose -10*v + 188 = -8*v. What is the remainder when v is divided by 33?
28
Suppose 6*x - 10 = 4*x. Suppose x*k - 13 = -48. Let z = 19 - k. Calculate the remainder when 51 is divided by z.
25
Suppose -381*f = -394*f + 3380. What is the remainder when f is divided by 66?
62
Suppose -5*i + 22 = -2*i + 4*b, 0 = -2*i - 5*b + 24. Suppose 0 + 28 = i*o. Calculate the remainder when 39 is divided by o.
11
Suppose -5*d = -10, -3*t + 18 = 2*d - 253. What is the remainder when 1332 is divided by t?
86
Let r = 26 + -24. Suppose -2 = -r*d - 0*d. C